 - 27*v - 36. Let c(g) = 5*g**2 - 9*g - 12. Let s(r) = -11*c(r) + 4*d(r). Give s(9).
-12
Suppose -3*p + 655 - 649 = 0. Let a(h) be the first derivative of -h + 1/3*h**3 + 1/2*h**p + 4. Give a(-2).
1
Let n(i) = 2*i**2 - 1 - 2*i - i**3 + 4*i - i. Let a be (-26)/(-6) - (-16)/(-48). Suppose -3*c - 2*k - 12 = k, -a*k = -4*c. Give n(c).
13
Let i(c) = -c**3 - 8 + 28 + 4*c**3 + c**2 - 21 + c. Determine i(-2).
-23
Let s(w) be the second derivative of w**6/120 + w**5/12 - w**4/12 - w**3/6 - 23*w**2/2 + 17*w. Let u(g) be the first derivative of s(g). Calculate u(-4).
23
Let k be 359/(-7) - (12/7 + -2). Let y = k - -57. Let g(i) = i**2 - 6*i + 2. Determine g(y).
2
Let z(u) = u**2 + 9*u - 12. Let a(k) = -5*k - 55. Let r be a(-9). Determine z(r).
-2
Let o be (1/(-2))/(3/(-3))*6. Suppose 2*q + 5*b - 18 = 0, -q + b = -0*b - 2. Suppose q*m - 7 = -o. Let u(g) = -8*g**3 + g - 1. Calculate u(m).
-8
Let f(t) = 4*t**3 - 25*t**2 + 9*t - 2. Let w(g) = -g**3 + 6*g**2 - g + 2. Let l(y) = -f(y) - 3*w(y). Let b be (-28)/(-5) - 2/(-5). What is l(b)?
-4
Let d(r) = r**3 - 10*r**2 - 12*r + 9. Let h(n) = -4*n**2 + 24*n - 9. Let p be h(5). What is d(p)?
-2
Let j(c) = c**2 + 3*c - 7. Let y be (6 + -1)/(1 + 0). Suppose 15 = 3*z, -y*m + 4*z + 0*z - 45 = 0. Let u be (-6)/5*m*-1. Calculate j(u).
11
Suppose -13 = 5*n - 33. Suppose 5*x = -n*b, -x = -5*x - b. Let w(t) = -16*t - 82. Let i(d) = -7*d - 36. Let p(c) = 7*i(c) - 3*w(c). What is p(x)?
-6
Suppose 1 = -x, -4*q - x = q - 9. Suppose -5 = -q*j + 11. Let t(a) = -j + 9 - 6 + 2*a. What is t(6)?
7
Suppose -5*o + 29 = 2*l, -4 - 17 = 2*l - 5*o. Let w(j) = 6*j**2 + 11*j**l - 5*j - 5 - 18*j**2. Give w(-4).
-1
Let w(q) = 3238 - 8*q + 3234 - 6470. Determine w(2).
-14
Let x(d) be the second derivative of d**3/3 + d**2/2 - 2*d. Suppose 3*w + 13 = -2*j - 17, 0 = -j - 6. Give x(w).
-11
Let m(u) = -u**3 - 6*u**2 - 4*u + 5. Let c(l) = -l**3 + 7*l**2 - 4*l - 13. Let y be c(6). Let x be -19 + 10 + y + 5. Calculate m(x).
0
Let f = 1489 - 1497. Let p(t) = 4*t + 38. Give p(f).
6
Let w(u) be the second derivative of -7*u**3/6 + 10*u + 1. Let c be -1 - (0 + 0/2). Calculate w(c).
7
Let d(l) be the second derivative of l**5/20 - 5*l**4/6 + 7*l**3/6 - 13*l**2/2 - 55*l. Determine d(9).
-31
Let o(p) be the third derivative of -p**7/2520 + p**6/360 - p**5/120 + p**4/12 - 3*p**2. Let m(q) be the second derivative of o(q). Calculate m(4).
-9
Let y(m) = -2*m - 6. Let n be y(-4). Let w(t) = -t - n*t + 6 - 3. Suppose -4*b - 4*x = -20, b + 3*b - 3*x = 6. Calculate w(b).
-6
Let u(w) = w - 10. Let c(b) = b**2 - 3*b - 1. Let l(f) = c(f) + u(f). Determine l(5).
4
Let r(t) = -2*t + 7. Let z(o) = -o**3 - 3*o**2 + 3*o + 1. Let k be z(-4). What is r(k)?
-3
Let p = -42 - -15. Let a be (-6)/p - 44/36. Let t(u) = 5*u - 1. Calculate t(a).
-6
Let i(m) = -m - 12. Suppose 0 = -4*v + 30 + 10. Let d = 4 - v. Determine i(d).
-6
Let w(c) = c**2 - 2*c. Let l be (12/15)/(24/(-30) + 1). What is w(l)?
8
Let v(z) = z**3 - 2*z**2 - 3*z - 6. Let j be v(4). Suppose 2 - j = 3*q. Let r(d) = -d**2 + 5*d**2 - 3*d**2 + 5*d + 1 + 1. Calculate r(q).
-2
Let r(u) = 2*u**2 + 4*u + 2. Let y be r(-2). Let j(c) = -c**y - 3 - 4*c + 0*c**2 + 4*c. Let t be -5 - (18 - 17)/(1/(-5)). Give j(t).
-3
Let t(a) = 2*a**3 - a - 1. Let z(c) = -7*c**3 + 14*c**2 - 11*c + 3. Let f(p) = -3*t(p) - z(p). Calculate f(13).
13
Let o(p) = -10*p + 1. Suppose -3*z + 8*z - 55 = 5*h, -5*z + 87 = 3*h. Suppose z*a = -10 - 5. Give o(a).
11
Let o be -4 - -3*(-13)/((-234)/24). Let w(l) be the second derivative of l - 1/3*l**3 + 2*l**2 + o. Determine w(4).
-4
Let d = -120 + 115. Suppose -3*h - 19 = -7*h - y, -3*y = -9. Let a be (-4)/(d - (h + -7)). Let b(o) = o**3 + 2*o**2 - 4*o + 2. What is b(a)?
10
Let s(h) = h**2 - 38*h + 315. Let x be s(26). Let z(n) = -7*n**2 - n - 8. Let y(b) = -13*b**2 - b - 15. Let v(m) = 6*y(m) - 11*z(m). Determine v(x).
4
Let l(r) = -r**2 + 4*r + 7. Let p(x) be the first derivative of -x**4/24 - x**2 - 1. Let d(n) be the second derivative of p(n). Let k be d(-6). What is l(k)?
-5
Let j be 0*(-1 + 0)*-1. Let z = -3 - j. Let i(a) = a + 3. Let o(l) = -l - 10. Let p(y) = 2*i(y) + o(y). Determine p(z).
-7
Suppose -6*x + 13 = -8*x + f, -18 = 3*x - f. Let v(q) = q**2 + 8*q + 6. Determine v(x).
-9
Let q(m) = m. Let t(i) = -14*i - 1. Let u(a) = 5*q(a) + t(a). Suppose -5*w + 9 + 1 = -5*g, 0 = g - 4*w + 5. What is u(g)?
8
Let n(r) = -r**2 - 2*r - 1. Let z(g) = -g**3 - 17*g**2 - 3*g - 23. Let d be z(-17). Suppose 9*a + d = 2*a. Determine n(a).
-9
Let p(v) be the second derivative of v**4/12 - 5*v**3/6 - v**2/2 - 2*v. Suppose -4*k + 10 = -2*k. Suppose -4*u = -k*t - 5, u = 3*t - 3 - 1. Give p(t).
-7
Let n = 34 - 19. Let b be 2*(n/2 + 1). Suppose -2*l + 6*l - 5*y = -b, -18 = -4*l - 2*y. Let q(i) = -i**3 + 4*i**2 - 2*i - 1. Determine q(l).
3
Let r(y) be the third derivative of -y**5/60 + y**4/6 + 5*y**3/6 - 3*y**2 - 4*y. Let n be (16/(-6))/(2/(-3)). Calculate r(n).
5
Let h(u) = 7*u + 4. Let o(t) = t - 1. Let g(f) = -h(f) + 5*o(f). What is g(-4)?
-1
Let u(z) = -2*z**2 + z - 1. Let d = 48 + -42. Suppose 3*f = d, 5*f - 7 = -4*o + 7. Give u(o).
-2
Let z(o) = -o**2 - o - 6. Let i(t) = 4*t**3 - 41*t**2 + 9*t + 5. Let m be i(10). Determine z(m).
-26
Let z be -4 + 1 + 0/1. Let d(g) = -g**3 + 6*g**2 + 8*g. Let h be d(7). Let m(j) = 16*j - h*j - 4*j - 8*j - 2. Determine m(z).
7
Let q be (-15)/110*-4*(-44)/(-4). Let y(s) = -s**2 + 6*s + 6. What is y(q)?
6
Let f(k) be the second derivative of k**3/3 + 7*k**2 + 3*k - 19. Determine f(-5).
4
Let k(l) = -l**3 + 8 + l**2 + 19 - 6. Let f(i) = i**2 - 3*i + 2. Let g be f(1). Give k(g).
21
Let h(s) = s**3 - s**2 - s - 12. Let k = 31 + -25. Suppose 0 = -g + k*g. Give h(g).
-12
Let t(n) be the first derivative of -n**5/30 - n**4/24 - 5*n**3/3 - 8. Let p(q) be the third derivative of t(q). Calculate p(4).
-17
Let f = -941 - -941. Let a(t) = -2*t + 1. What is a(f)?
1
Suppose 4*v - 4*u = 5 + 3, -2*v - u + 4 = 0. Let d(q) = -12*q + 3. Let m(y) = y - 1. Let j(b) = d(b) + 4*m(b). Calculate j(v).
-17
Let n(o) = o**2 - 5*o + 8. Let z be n(3). Let q(m) = 6 + 4*m**2 - m**3 + 8*m - m + 2*m**z + 0*m. Determine q(7).
6
Let o(f) = -f**3 + 2*f**2 + 4*f - 2. Suppose 4*i - i = 18. Suppose -2*d = -4*d + i. Give o(d).
1
Let n(g) = 2*g + 24. Let i(x) = -x + 2. Let b(d) = -3*i(d) - n(d). What is b(0)?
-30
Let k(q) = 4*q - 5*q + 2*q. Let p = 91 + -91. What is k(p)?
0
Suppose -3*i = -i. Let y = i - -1. Let h(t) be the third derivative of 7*t**5/60 + t**3/6 - t**2 + 377. Calculate h(y).
8
Let b(j) = 0 - 1 + 2*j + 0 + 9. Let d be (-4)/(-10) - (-96)/(-15). Determine b(d).
-4
Let a = -16 - -24. Suppose -a*d + 9 = d. Let p(j) = -8*j - 1. Give p(d).
-9
Let m(z) = 2*z - 4. Let k(i) be the second derivative of i**4/12 + i**3/2 + 5*i**2/2 - 17*i. Let r be k(-2). Determine m(r).
2
Let l(o) = 4 + 4 + o**2 + 4 + 0 - 11*o. Calculate l(9).
-6
Suppose 6*c = 7*c - 3. Let s(n) = -3 - 3 - 5 + 4 + c*n. Calculate s(7).
14
Let j(n) = 2*n**2 - 3*n - 2. Suppose -144*g + 18 = -153*g. Determine j(g).
12
Let s(x) be the third derivative of x**5/30 - x**4/12 + x**3/3 - 2*x**2. Suppose 0 = -0*l + l - 76. Let i be l/20 - (16/10)/2. Give s(i).
14
Let n(r) = 6*r + 9. Let k be n(-3). Let m(c) = -c**2 - 6*c - 8. Give m(k).
-35
Let c(l) be the second derivative of -l**3/6 + 3*l**2/2 - 2*l + 4. Determine c(4).
-1
Suppose 2*p + 7*l - 8 = 3*l, 0 = 2*p + l - 5. Let o(m) = 2*m + 14 + 3*m**p - 21 + 10. Let w be 5/(-1)*6/15. What is o(w)?
11
Let z(o) = -o**2 - 3*o + 3. Let l be (-63)/28*8/(-6). Suppose -h - l*k - k - 9 = 0, h + 4 = k. Determine z(h).
-7
Let n(v) = -v**3. Let c be -2 - 60/(-35) - 172/(-14). Suppose 9*s - 3*s + c = 0. What is n(s)?
8
Let w(l) = 0*l**2 + l**2 + l**2 - 2 + 12 - l - 3*l**2. Determine w(-3).
4
Let h(k) be the second derivative of -k**4/2 + k**3/2 - k**2/2 - 213*k - 1. What is h(2)?
-19
Let b(q) = -q - 2. Suppose -113*j = -110*j + 18. Calculate b(j).
4
Let q(v) be the first derivative of -5/6*v**3 + 7 - 1/24*v**4 - 3/2*v**2 + 0*v. Let w(c) be the second derivative of q(c). Determine w(0).
-5
Let i(f) be the third derivative of -f**4/8 + 10*f**3/3 - 686*f**2. What is i(6)?
2
Suppose 134*i - 7 = 127*i. Let d(s) = -7*s**2 - 1. Calculate d(i).
-8
Let t = -335 + 342. Let o(q) = q**2 - 5*q + 9. Give o(t).
23
Let p(w) = -w**3 + 5*w**2 -